{"id":1543,"date":"2019-09-15T13:29:13","date_gmt":"2019-09-15T13:29:13","guid":{"rendered":"https:\/\/qsoftware.lu.lv\/?page_id=1543"},"modified":"2019-09-15T13:35:48","modified_gmt":"2019-09-15T13:35:48","slug":"qwomen-rigatechgirls-2018","status":"publish","type":"page","link":"https:\/\/qsoftware.lu.lv\/index.php\/qwomen-rigatechgirls-2018\/","title":{"rendered":"QWomen\/RigaTechGirls (2018)"},"content":{"rendered":"\n<h4><strong>2018,&nbsp;November&nbsp;10-11,&nbsp;Riga,&nbsp;Latvia<\/strong><\/h4>\n\n\n\n<p><strong>Our first workshop \u201c<\/strong><a rel=\"noreferrer noopener\" href=\"https:\/\/www.facebook.com\/events\/195863841309654\/\" target=\"_blank\"><em><strong>Let\u2019s program a quantum computer<\/strong><\/em><\/a><strong>\u201d was co-organized with&nbsp;<\/strong><a rel=\"noreferrer noopener\" href=\"https:\/\/www.facebook.com\/RigaTechGirls\/\" target=\"_blank\"><strong>RigaTechGirls<\/strong><\/a><strong>. <\/strong><\/p>\n\n\n\n<div class=\"wp-block-image\"><figure class=\"aligncenter is-resized\"><img decoding=\"async\" loading=\"lazy\" src=\"https:\/\/qsoftware.lu.lv\/wp-content\/uploads\/2019\/02\/diploma-rtg.jpg\" alt=\"\" class=\"wp-image-319\" width=\"360\" height=\"480\" srcset=\"https:\/\/qsoftware.lu.lv\/wp-content\/uploads\/2019\/02\/diploma-rtg.jpg 720w, https:\/\/qsoftware.lu.lv\/wp-content\/uploads\/2019\/02\/diploma-rtg-225x300.jpg 225w\" sizes=\"(max-width: 360px) 85vw, 360px\" \/><\/figure><\/div>\n\n\n\n<p>The main organization:&nbsp;<em>Alina Karpe\u013cceva, El\u012bna Kresa, and Katr\u012bna&nbsp; Kizenbaha<\/em><br>The local organization:&nbsp;<em>Maksims Dimitrijevs, Martins Kalis, Aleksejs Naumovs, and Abuzer Yakaryilmaz<\/em><\/p>\n\n\n\n<p>Workshop leader:\u00a0<em>Dr. Abuzer Yakaryilmaz<\/em><br>QMentors:\u00a0<em>Maksims Dimitrijevs, Martins Kalis, Aleksejs Naumovs,<\/em>\u00a0<em>Andis Draguns,\u00a0and<\/em>\u00a0<em>Matiss Apinis<\/em><\/p>\n\n\n\n<p>The venue:&nbsp;<em><a rel=\"noreferrer noopener\" href=\"https:\/\/www.df.lu.lv\/\" target=\"_blank\">Faculty of Computing<\/a>, University of Latvia<\/em><br>The sponsor for catering:&nbsp;<em><a rel=\"noreferrer noopener\" href=\"https:\/\/www.facebook.com\/CognizantLV\/\" target=\"_blank\">Cognizant Latvia<\/a><\/em><\/p>\n\n\n\n<ul class=\"is-layout-flex wp-block-gallery-1 wp-block-gallery columns-2 is-cropped\"><li class=\"blocks-gallery-item\"><figure><img decoding=\"async\" loading=\"lazy\" width=\"1024\" height=\"872\" src=\"https:\/\/qsoftware.lu.lv\/wp-content\/uploads\/2019\/02\/rtg-10-1024x872.jpg\" alt=\"\" data-id=\"389\" data-link=\"https:\/\/qsoftware.lu.lv\/index.php\/album-2018rigatechgirls\/rtg-10\/\" class=\"wp-image-389\" srcset=\"https:\/\/qsoftware.lu.lv\/wp-content\/uploads\/2019\/02\/rtg-10.jpg 1024w, https:\/\/qsoftware.lu.lv\/wp-content\/uploads\/2019\/02\/rtg-10-300x255.jpg 300w, https:\/\/qsoftware.lu.lv\/wp-content\/uploads\/2019\/02\/rtg-10-768x654.jpg 768w\" sizes=\"(max-width: 709px) 85vw, (max-width: 909px) 67vw, (max-width: 1362px) 62vw, 840px\" \/><\/figure><\/li><li class=\"blocks-gallery-item\"><figure><img decoding=\"async\" loading=\"lazy\" width=\"1024\" height=\"768\" src=\"https:\/\/qsoftware.lu.lv\/wp-content\/uploads\/2019\/02\/IMG_5824-1024x768.jpg\" alt=\"\" data-id=\"626\" data-link=\"https:\/\/qsoftware.lu.lv\/index.php\/album-2018rigatechgirls\/img_5824\/\" class=\"wp-image-626\" srcset=\"https:\/\/qsoftware.lu.lv\/wp-content\/uploads\/2019\/02\/IMG_5824-1024x768.jpg 1024w, https:\/\/qsoftware.lu.lv\/wp-content\/uploads\/2019\/02\/IMG_5824-300x225.jpg 300w, https:\/\/qsoftware.lu.lv\/wp-content\/uploads\/2019\/02\/IMG_5824-768x576.jpg 768w, https:\/\/qsoftware.lu.lv\/wp-content\/uploads\/2019\/02\/IMG_5824-1200x900.jpg 1200w\" sizes=\"(max-width: 709px) 85vw, (max-width: 909px) 67vw, (max-width: 1362px) 62vw, 840px\" \/><\/figure><\/li><li class=\"blocks-gallery-item\"><figure><img decoding=\"async\" loading=\"lazy\" width=\"1024\" height=\"768\" src=\"https:\/\/qsoftware.lu.lv\/wp-content\/uploads\/2019\/02\/IMG_5812-1024x768.jpg\" alt=\"\" data-id=\"621\" data-link=\"https:\/\/qsoftware.lu.lv\/index.php\/album-2018rigatechgirls\/img_5812\/\" class=\"wp-image-621\" srcset=\"https:\/\/qsoftware.lu.lv\/wp-content\/uploads\/2019\/02\/IMG_5812-1024x768.jpg 1024w, https:\/\/qsoftware.lu.lv\/wp-content\/uploads\/2019\/02\/IMG_5812-300x225.jpg 300w, https:\/\/qsoftware.lu.lv\/wp-content\/uploads\/2019\/02\/IMG_5812-768x576.jpg 768w, https:\/\/qsoftware.lu.lv\/wp-content\/uploads\/2019\/02\/IMG_5812-1200x900.jpg 1200w\" sizes=\"(max-width: 709px) 85vw, (max-width: 909px) 67vw, (max-width: 1362px) 62vw, 840px\" \/><\/figure><\/li><li class=\"blocks-gallery-item\"><figure><img decoding=\"async\" loading=\"lazy\" width=\"1024\" height=\"768\" src=\"https:\/\/qsoftware.lu.lv\/wp-content\/uploads\/2019\/02\/IMG_5823-1024x768.jpg\" alt=\"\" data-id=\"625\" data-link=\"https:\/\/qsoftware.lu.lv\/index.php\/album-2018rigatechgirls\/img_5823\/\" class=\"wp-image-625\" srcset=\"https:\/\/qsoftware.lu.lv\/wp-content\/uploads\/2019\/02\/IMG_5823-1024x768.jpg 1024w, https:\/\/qsoftware.lu.lv\/wp-content\/uploads\/2019\/02\/IMG_5823-300x225.jpg 300w, https:\/\/qsoftware.lu.lv\/wp-content\/uploads\/2019\/02\/IMG_5823-768x576.jpg 768w, https:\/\/qsoftware.lu.lv\/wp-content\/uploads\/2019\/02\/IMG_5823-1200x900.jpg 1200w\" sizes=\"(max-width: 709px) 85vw, (max-width: 909px) 67vw, (max-width: 1362px) 62vw, 840px\" \/><\/figure><\/li><li class=\"blocks-gallery-item\"><figure><img decoding=\"async\" loading=\"lazy\" width=\"1024\" height=\"768\" src=\"https:\/\/qsoftware.lu.lv\/wp-content\/uploads\/2019\/02\/IMG_5822-1024x768.jpg\" alt=\"\" data-id=\"624\" data-link=\"https:\/\/qsoftware.lu.lv\/index.php\/album-2018rigatechgirls\/img_5822\/\" class=\"wp-image-624\" srcset=\"https:\/\/qsoftware.lu.lv\/wp-content\/uploads\/2019\/02\/IMG_5822-1024x768.jpg 1024w, https:\/\/qsoftware.lu.lv\/wp-content\/uploads\/2019\/02\/IMG_5822-300x225.jpg 300w, https:\/\/qsoftware.lu.lv\/wp-content\/uploads\/2019\/02\/IMG_5822-768x576.jpg 768w, https:\/\/qsoftware.lu.lv\/wp-content\/uploads\/2019\/02\/IMG_5822-1200x900.jpg 1200w\" sizes=\"(max-width: 709px) 85vw, (max-width: 909px) 67vw, (max-width: 1362px) 62vw, 840px\" \/><\/figure><\/li><li class=\"blocks-gallery-item\"><figure><img decoding=\"async\" loading=\"lazy\" width=\"1024\" height=\"768\" src=\"https:\/\/qsoftware.lu.lv\/wp-content\/uploads\/2019\/02\/IMG_5818-1024x768.jpg\" alt=\"\" data-id=\"623\" data-link=\"https:\/\/qsoftware.lu.lv\/index.php\/album-2018rigatechgirls\/img_5818\/\" class=\"wp-image-623\" srcset=\"https:\/\/qsoftware.lu.lv\/wp-content\/uploads\/2019\/02\/IMG_5818-1024x768.jpg 1024w, https:\/\/qsoftware.lu.lv\/wp-content\/uploads\/2019\/02\/IMG_5818-300x225.jpg 300w, https:\/\/qsoftware.lu.lv\/wp-content\/uploads\/2019\/02\/IMG_5818-768x576.jpg 768w, https:\/\/qsoftware.lu.lv\/wp-content\/uploads\/2019\/02\/IMG_5818-1200x900.jpg 1200w\" sizes=\"(max-width: 709px) 85vw, (max-width: 909px) 67vw, (max-width: 1362px) 62vw, 840px\" \/><\/figure><\/li><li class=\"blocks-gallery-item\"><figure><img decoding=\"async\" loading=\"lazy\" width=\"768\" height=\"1024\" src=\"https:\/\/qsoftware.lu.lv\/wp-content\/uploads\/2019\/02\/rtg-3-768x1024.jpg\" alt=\"\" data-id=\"382\" data-link=\"https:\/\/qsoftware.lu.lv\/index.php\/album-2018rigatechgirls\/rtg-3\/\" class=\"wp-image-382\" srcset=\"https:\/\/qsoftware.lu.lv\/wp-content\/uploads\/2019\/02\/rtg-3.jpg 768w, https:\/\/qsoftware.lu.lv\/wp-content\/uploads\/2019\/02\/rtg-3-225x300.jpg 225w\" sizes=\"(max-width: 768px) 85vw, 768px\" \/><\/figure><\/li><li class=\"blocks-gallery-item\"><figure><img decoding=\"async\" loading=\"lazy\" width=\"1024\" height=\"768\" src=\"https:\/\/qsoftware.lu.lv\/wp-content\/uploads\/2019\/02\/IMG_5811-1024x768.jpg\" alt=\"\" data-id=\"620\" data-link=\"https:\/\/qsoftware.lu.lv\/index.php\/album-2018rigatechgirls\/img_5811\/\" class=\"wp-image-620\" srcset=\"https:\/\/qsoftware.lu.lv\/wp-content\/uploads\/2019\/02\/IMG_5811-1024x768.jpg 1024w, https:\/\/qsoftware.lu.lv\/wp-content\/uploads\/2019\/02\/IMG_5811-300x225.jpg 300w, https:\/\/qsoftware.lu.lv\/wp-content\/uploads\/2019\/02\/IMG_5811-768x576.jpg 768w, https:\/\/qsoftware.lu.lv\/wp-content\/uploads\/2019\/02\/IMG_5811-1200x900.jpg 1200w\" sizes=\"(max-width: 709px) 85vw, (max-width: 909px) 67vw, (max-width: 1362px) 62vw, 840px\" \/><\/figure><\/li><li class=\"blocks-gallery-item\"><figure><img decoding=\"async\" loading=\"lazy\" width=\"768\" height=\"1024\" src=\"https:\/\/qsoftware.lu.lv\/wp-content\/uploads\/2019\/02\/rtg-9-768x1024.jpg\" alt=\"\" data-id=\"388\" data-link=\"https:\/\/qsoftware.lu.lv\/index.php\/album-2018rigatechgirls\/rtg-9\/\" class=\"wp-image-388\" srcset=\"https:\/\/qsoftware.lu.lv\/wp-content\/uploads\/2019\/02\/rtg-9.jpg 768w, https:\/\/qsoftware.lu.lv\/wp-content\/uploads\/2019\/02\/rtg-9-225x300.jpg 225w\" sizes=\"(max-width: 768px) 85vw, 768px\" \/><\/figure><\/li><li class=\"blocks-gallery-item\"><figure><img decoding=\"async\" loading=\"lazy\" width=\"1024\" height=\"768\" src=\"https:\/\/qsoftware.lu.lv\/wp-content\/uploads\/2019\/02\/rtg-11-1024x768.jpg\" alt=\"\" data-id=\"379\" data-link=\"https:\/\/qsoftware.lu.lv\/index.php\/album-2018rigatechgirls\/rtg-11\/\" class=\"wp-image-379\" srcset=\"https:\/\/qsoftware.lu.lv\/wp-content\/uploads\/2019\/02\/rtg-11.jpg 1024w, https:\/\/qsoftware.lu.lv\/wp-content\/uploads\/2019\/02\/rtg-11-300x225.jpg 300w, https:\/\/qsoftware.lu.lv\/wp-content\/uploads\/2019\/02\/rtg-11-768x576.jpg 768w\" sizes=\"(max-width: 709px) 85vw, (max-width: 909px) 67vw, (max-width: 1362px) 62vw, 840px\" \/><\/figure><\/li><li class=\"blocks-gallery-item\"><figure><img decoding=\"async\" loading=\"lazy\" width=\"768\" height=\"1024\" src=\"https:\/\/qsoftware.lu.lv\/wp-content\/uploads\/2019\/02\/rtg-4-768x1024.jpg\" alt=\"\" data-id=\"383\" data-link=\"https:\/\/qsoftware.lu.lv\/index.php\/album-2018rigatechgirls\/rtg-4\/\" class=\"wp-image-383\" srcset=\"https:\/\/qsoftware.lu.lv\/wp-content\/uploads\/2019\/02\/rtg-4.jpg 768w, https:\/\/qsoftware.lu.lv\/wp-content\/uploads\/2019\/02\/rtg-4-225x300.jpg 225w\" sizes=\"(max-width: 768px) 85vw, 768px\" \/><\/figure><\/li><li class=\"blocks-gallery-item\"><figure><img decoding=\"async\" loading=\"lazy\" width=\"768\" height=\"1024\" src=\"https:\/\/qsoftware.lu.lv\/wp-content\/uploads\/2019\/02\/rtg-7-768x1024.jpg\" alt=\"\" data-id=\"386\" data-link=\"https:\/\/qsoftware.lu.lv\/index.php\/album-2018rigatechgirls\/rtg-7\/\" class=\"wp-image-386\" srcset=\"https:\/\/qsoftware.lu.lv\/wp-content\/uploads\/2019\/02\/rtg-7.jpg 768w, https:\/\/qsoftware.lu.lv\/wp-content\/uploads\/2019\/02\/rtg-7-225x300.jpg 225w\" sizes=\"(max-width: 768px) 85vw, 768px\" \/><\/figure><\/li><li class=\"blocks-gallery-item\"><figure><img decoding=\"async\" loading=\"lazy\" width=\"768\" height=\"1024\" src=\"https:\/\/qsoftware.lu.lv\/wp-content\/uploads\/2019\/02\/rtg-2-768x1024.jpg\" alt=\"\" data-id=\"381\" data-link=\"https:\/\/qsoftware.lu.lv\/index.php\/album-2018rigatechgirls\/rtg-2\/\" class=\"wp-image-381\" srcset=\"https:\/\/qsoftware.lu.lv\/wp-content\/uploads\/2019\/02\/rtg-2.jpg 768w, https:\/\/qsoftware.lu.lv\/wp-content\/uploads\/2019\/02\/rtg-2-225x300.jpg 225w\" sizes=\"(max-width: 768px) 85vw, 768px\" \/><\/figure><\/li><li class=\"blocks-gallery-item\"><figure><img decoding=\"async\" loading=\"lazy\" width=\"768\" height=\"1024\" src=\"https:\/\/qsoftware.lu.lv\/wp-content\/uploads\/2019\/02\/rtg-1-768x1024.jpg\" alt=\"\" data-id=\"380\" data-link=\"https:\/\/qsoftware.lu.lv\/index.php\/album-2018rigatechgirls\/rtg-1\/\" class=\"wp-image-380\" srcset=\"https:\/\/qsoftware.lu.lv\/wp-content\/uploads\/2019\/02\/rtg-1.jpg 768w, https:\/\/qsoftware.lu.lv\/wp-content\/uploads\/2019\/02\/rtg-1-225x300.jpg 225w\" sizes=\"(max-width: 768px) 85vw, 768px\" \/><\/figure><\/li><\/ul>\n","protected":false},"excerpt":{"rendered":"<p>2018,&nbsp;November&nbsp;10-11,&nbsp;Riga,&nbsp;Latvia Our first workshop \u201cLet\u2019s program a quantum computer\u201d was co-organized with&nbsp;RigaTechGirls. The main organization:&nbsp;Alina Karpe\u013cceva, El\u012bna Kresa, and Katr\u012bna&nbsp; KizenbahaThe local organization:&nbsp;Maksims Dimitrijevs, Martins Kalis, Aleksejs Naumovs, and Abuzer Yakaryilmaz Workshop leader:\u00a0Dr. Abuzer YakaryilmazQMentors:\u00a0Maksims Dimitrijevs, Martins Kalis, Aleksejs Naumovs,\u00a0Andis Draguns,\u00a0and\u00a0Matiss Apinis The venue:&nbsp;Faculty of Computing, University of LatviaThe sponsor for catering:&nbsp;Cognizant Latvia<\/p>\n","protected":false},"author":1,"featured_media":0,"parent":0,"menu_order":0,"comment_status":"closed","ping_status":"closed","template":"","meta":[],"_links":{"self":[{"href":"https:\/\/qsoftware.lu.lv\/index.php\/wp-json\/wp\/v2\/pages\/1543"}],"collection":[{"href":"https:\/\/qsoftware.lu.lv\/index.php\/wp-json\/wp\/v2\/pages"}],"about":[{"href":"https:\/\/qsoftware.lu.lv\/index.php\/wp-json\/wp\/v2\/types\/page"}],"author":[{"embeddable":true,"href":"https:\/\/qsoftware.lu.lv\/index.php\/wp-json\/wp\/v2\/users\/1"}],"replies":[{"embeddable":true,"href":"https:\/\/qsoftware.lu.lv\/index.php\/wp-json\/wp\/v2\/comments?post=1543"}],"version-history":[{"count":9,"href":"https:\/\/qsoftware.lu.lv\/index.php\/wp-json\/wp\/v2\/pages\/1543\/revisions"}],"predecessor-version":[{"id":1554,"href":"https:\/\/qsoftware.lu.lv\/index.php\/wp-json\/wp\/v2\/pages\/1543\/revisions\/1554"}],"wp:attachment":[{"href":"https:\/\/qsoftware.lu.lv\/index.php\/wp-json\/wp\/v2\/media?parent=1543"}],"curies":[{"name":"wp","href":"https:\/\/api.w.org\/{rel}","templated":true}]}}