{"id":870,"date":"2019-04-02T08:17:25","date_gmt":"2019-04-02T08:17:25","guid":{"rendered":"http:\/\/qusoft.lu.lv\/?page_id=870"},"modified":"2019-06-10T09:16:06","modified_gmt":"2019-06-10T09:16:06","slug":"qmentor","status":"publish","type":"page","link":"https:\/\/qsoftware.lu.lv\/index.php\/qmentor\/","title":{"rendered":"QMentor"},"content":{"rendered":"\n<p>We are training and encouraging people to be a <em><strong>mentor <\/strong><\/em>in the workshops using our educational materials. <\/p>\n\n\n\n<p><em>We suggest to have <strong>one leader and four mentors<\/strong> for a typical workshop with 30 participants. Since our materials are based on practical tasks, there should be enough mentors during a workshop for helping to each participant individually.<\/em><\/p>\n\n\n\n<p><strong>Our first training mentor program started on April 5, 2019. <\/strong><\/p>\n\n\n\n<p>We organized <a rel=\"noreferrer noopener\" aria-label=\"our first workshop (opens in a new tab)\" href=\"http:\/\/qusoft.lu.lv\/index.php\/workshops#W18:RTG\" target=\"_blank\">our first workshop<\/a> with <a rel=\"noreferrer noopener\" aria-label=\"RigaTechGirls  (opens in a new tab)\" href=\"https:\/\/www.facebook.com\/RigaTechGirls\/\" target=\"_blank\">RigaTechGirls<\/a>. We also got the start of QMentor program with three ladies from this group (see below).<\/p>\n\n\n\n<h2>QMentor Training and Network<\/h2>\n\n\n\n<p>The responsible people for training: <em>Maksims Dimitrijevs and Abuzer Yakaryilmaz<\/em><\/p>\n\n\n\n<h4>Latvia (training)<\/h4>\n\n\n\n<ul><li>Viktorija Leimane<\/li><li>Dzintra Zveja<\/li><li>Anastasija Trizna  <\/li><\/ul>\n\n\n\n<h4>Turkey<\/h4>\n\n\n\n<p>Yal\u0131n Ba\u015fay, Cenk T\u00fcys\u00fcz, Berat Yenilen, and Ali Aslanturk were the local QMentors in <a rel=\"noreferrer noopener\" aria-label=\"QDrive@Ankara (opens in a new tab)\" href=\"http:\/\/qusoft.lu.lv\/index.php\/workshops\/#W19:METU  \" target=\"_blank\">our workshop in Ankara<\/a>.<br><\/p>\n\n\n\n<h4>Poland<\/h4>\n\n\n\n<p>Adam Glos and Dr. Jaros\u0142aw Miszczak from Gliwice were the local QMentors in <a rel=\"noreferrer noopener\" aria-label=\" (opens in a new tab)\" href=\"http:\/\/qusoft.lu.lv\/index.php\/workshops#W19:Cracow\" target=\"_blank\">our workshop in Krakow<\/a>. <\/p>\n\n\n\n<p>Pawe\u0142 Gora,\u00a0Dr. W\u0142adys\u0142aw Sura\u0142a,\u00a0Dr. Maciej Lisicki, Maciej Ciemny, Oskar S\u0142owik, and Jakub Nowak were the local mentors in <a href=\"http:\/\/qusoft.lu.lv\/index.php\/workshops#W19:Warsaw\">our workshop in Warsaw<\/a>.  <\/p>\n\n\n\n<h4>The Czech Republic<\/h4>\n\n\n\n<p>Dr. Michal Bidlo,  <em>Dr. Michal Sedl\u00e1k (Bratislava)<\/em>, and Murali Karthick Baskar were the local mentors in <a href=\"http:\/\/qusoft.lu.lv\/index.php\/workshops#W19:Brno\">our workshop in BUT@BRNO<\/a>.<\/p>\n\n\n\n<h4>latvia<\/h4>\n\n\n\n<p>Maksims Dimitrijevs (6)<br>Aleksejs Naumovs (3)<br>Matiss Apinis (2)<br>Martins Kalis (2)<br>Andis Draguns (1)<\/p>\n\n\n\n<p><\/p>\n\n\n\n<p><\/p>\n\n\n\n<p><\/p>\n\n\n\n<p><\/p>\n","protected":false},"excerpt":{"rendered":"<p>We are training and encouraging people to be a mentor in the workshops using our educational materials. We suggest to have one leader and four mentors for a typical workshop with 30 participants. Since our materials are based on practical tasks, there should be enough mentors during a workshop for helping to each participant individually. &hellip; <a href=\"https:\/\/qsoftware.lu.lv\/index.php\/qmentor\/\" class=\"more-link\">Continue reading<span class=\"screen-reader-text\"> &#8220;QMentor&#8221;<\/span><\/a><\/p>\n","protected":false},"author":1,"featured_media":0,"parent":0,"menu_order":0,"comment_status":"closed","ping_status":"closed","template":"","meta":[],"_links":{"self":[{"href":"https:\/\/qsoftware.lu.lv\/index.php\/wp-json\/wp\/v2\/pages\/870"}],"collection":[{"href":"https:\/\/qsoftware.lu.lv\/index.php\/wp-json\/wp\/v2\/pages"}],"about":[{"href":"https:\/\/qsoftware.lu.lv\/index.php\/wp-json\/wp\/v2\/types\/page"}],"author":[{"embeddable":true,"href":"https:\/\/qsoftware.lu.lv\/index.php\/wp-json\/wp\/v2\/users\/1"}],"replies":[{"embeddable":true,"href":"https:\/\/qsoftware.lu.lv\/index.php\/wp-json\/wp\/v2\/comments?post=870"}],"version-history":[{"count":36,"href":"https:\/\/qsoftware.lu.lv\/index.php\/wp-json\/wp\/v2\/pages\/870\/revisions"}],"predecessor-version":[{"id":1176,"href":"https:\/\/qsoftware.lu.lv\/index.php\/wp-json\/wp\/v2\/pages\/870\/revisions\/1176"}],"wp:attachment":[{"href":"https:\/\/qsoftware.lu.lv\/index.php\/wp-json\/wp\/v2\/media?parent=870"}],"curies":[{"name":"wp","href":"https:\/\/api.w.org\/{rel}","templated":true}]}}